{"id":43,"date":"2026-03-09T12:24:36","date_gmt":"2026-03-09T12:24:36","guid":{"rendered":"https:\/\/zemyna.world\/?page_id=43"},"modified":"2026-04-16T12:25:15","modified_gmt":"2026-04-16T12:25:15","slug":"paslauga1","status":"publish","type":"page","link":"https:\/\/zemyna.world\/index.php\/paslauga1\/","title":{"rendered":"Strategija ir rodikliai"},"content":{"rendered":"\n<div class=\"wp-block-group alignfull has-global-padding is-layout-constrained wp-container-core-group-is-layout-4062b888 wp-block-group-is-layout-constrained\" style=\"padding-top:var(--wp--preset--spacing--20);padding-right:var(--wp--preset--spacing--50);padding-bottom:var(--wp--preset--spacing--20);padding-left:var(--wp--preset--spacing--50)\">\n<div class=\"wp-block-group has-global-padding is-layout-constrained wp-container-core-group-is-layout-650790e1 wp-block-group-is-layout-constrained\">\n<h1 class=\"wp-block-heading has-text-align-center has-x-large-font-size\">Tvaraus verslo strategija, tiksl\u0173 ir rodikli\u0173 nustatymas<\/h1>\n\n\n\n<div style=\"height:1.25rem\" aria-hidden=\"true\" class=\"wp-block-spacer\"><\/div>\n\n\n\n<p class=\"has-text-align-center\">Tvaraus verslo strategija padeda integruoti aplinkosaugos, socialinius ir valdysenos klausimus \u012f \u012fmon\u0117s strategij\u0105 ir sprendim\u0173 pri\u0117mim\u0105. Ji apima \u012fmonei svarbiausi\u0173 tvarumo tem\u0173 nustatym\u0105, prioritet\u0173 i\u0161gryninim\u0105, tiksl\u0173 suformavim\u0105 ir rodikli\u0173 pasirinkim\u0105 pa\u017eangos steb\u0117senai.<\/p>\n\n\n\n<p class=\"has-text-align-center\">Padedame \u012fmon\u0117ms tvarumo klausimus susieti su j\u0173 veiklos modeliu, verslo tikslais ir ilgalaik\u0117mis kryptimis, kad tvarumas b\u016bt\u0173 ne atskira iniciatyva, o verslo valdymo dalis.<\/p>\n\n\n\n<div style=\"height:1.25rem\" aria-hidden=\"true\" class=\"wp-block-spacer\"><\/div>\n<\/div>\n<\/div>\n\n\n\n<div class=\"wp-block-group alignfull has-base-2-background-color has-background has-global-padding is-layout-constrained wp-container-core-group-is-layout-1b225bdb wp-block-group-is-layout-constrained\" style=\"margin-top:0;margin-bottom:0;padding-top:0;padding-right:var(--wp--preset--spacing--30);padding-bottom:0;padding-left:var(--wp--preset--spacing--30)\">\n<div class=\"wp-block-group is-vertical is-content-justification-center is-layout-flex wp-container-core-group-is-layout-52b864f0 wp-block-group-is-layout-flex\">\n<h2 class=\"wp-block-heading has-text-align-center is-style-asterisk\">Informacija apie paslaug\u0105<\/h2>\n\n\n\n<div style=\"height:0px\" aria-hidden=\"true\" class=\"wp-block-spacer wp-container-content-4f2ccadb\"><\/div>\n<\/div>\n\n\n\n<div class=\"wp-block-columns alignwide is-layout-flex wp-container-core-columns-is-layout-d0bbbce0 wp-block-columns-is-layout-flex\">\n<div class=\"wp-block-column is-layout-flow wp-container-core-column-is-layout-e3d1c41b wp-block-column-is-layout-flow\">\n<h3 class=\"wp-block-heading has-text-align-left is-style-asterisk has-body-font-family has-medium-font-size\" style=\"font-style:normal;font-weight:600\">Kaip vyksta procesas?<\/h3>\n\n\n\n<p class=\"has-text-align-left\">Per\u017ei\u016brime j\u016bs\u0173 verslo kontekst\u0105, veiklos model\u012f ir jau turim\u0105 informacij\u0105. Tuomet i\u0161gryniname, kurios tvarumo temos \u012fmonei yra svarbiausios, kaip jos siejasi su veikla, rizikomis, galimyb\u0117mis ir ilgalaikiais verslo tikslais. Padedame suformuoti krypt\u012f, tikslus ir rodiklius, kurie b\u016bt\u0173 prasmingi praktikoje ir naudingi pa\u017eangos steb\u0117senai.<\/p>\n<\/div>\n\n\n\n<div class=\"wp-block-column is-layout-flow wp-container-core-column-is-layout-e3d1c41b wp-block-column-is-layout-flow\">\n<h3 class=\"wp-block-heading has-text-align-left is-style-asterisk has-body-font-family has-medium-font-size\" style=\"font-style:normal;font-weight:600\">Koks rezultatas?<\/h3>\n\n\n\n<p class=\"has-text-align-left\">Paslaugos rezultatas \u2013 ai\u0161kiai apibr\u0117\u017eta tvaraus verslo kryptis, suformuluoti tikslai ir parinkti rodikliai, kuriuos galima naudoti tiek vidiniam valdymui, tiek komunikacijai su i\u0161orin\u0117mis suinteresuotomis \u0161alimis.<\/p>\n<\/div>\n\n\n\n<div class=\"wp-block-column is-layout-flow wp-container-core-column-is-layout-e3d1c41b wp-block-column-is-layout-flow\">\n<h3 class=\"wp-block-heading has-text-align-left is-style-asterisk has-body-font-family has-medium-font-size\" style=\"font-style:normal;font-weight:600\">Kam \u0161i paslauga aktuali?<\/h3>\n\n\n\n<p class=\"has-text-align-left\">\u0160i paslauga aktuali \u012fmon\u0117ms, kurios nori ai\u0161kiai apibr\u0117\u017eti savo tvarumo krypt\u012f, susieti j\u0105 su verslo strategija ir nusistatyti, k\u0105 bei kaip verta steb\u0117ti. Ji ypa\u010d naudinga tada, kai \u012fmonei siekia nuoseklaus po\u017ei\u016brio \u012f reik\u0161mingas temas, tikslus, rodiklius ir j\u0173 ry\u0161\u012f su vykdoma veikla.<\/p>\n<\/div>\n<\/div>\n\n\n\n<div class=\"wp-block-buttons is-content-justification-center is-layout-flex wp-container-core-buttons-is-layout-a89b3969 wp-block-buttons-is-layout-flex\">\n<div class=\"wp-block-button\"><a class=\"wp-block-button__link wp-element-button\" href=\"mailto:info@zemyna.world\">Susisiekime<\/a><\/div>\n<\/div>\n\n\n\n<div style=\"height:var(--wp--preset--spacing--20)\" aria-hidden=\"true\" class=\"wp-block-spacer\"><\/div>\n<\/div>\n\n\n\n<p><\/p>\n","protected":false},"excerpt":{"rendered":"<p>Tvaraus verslo strategija, tiksl\u0173 ir rodikli\u0173 nustatymas Tvaraus verslo strategija padeda integruoti aplinkosaugos, socialinius ir valdysenos klausimus \u012f \u012fmon\u0117s strategij\u0105 ir sprendim\u0173 pri\u0117mim\u0105. Ji apima \u012fmonei svarbiausi\u0173 tvarumo tem\u0173 nustatym\u0105, prioritet\u0173 i\u0161gryninim\u0105, tiksl\u0173 suformavim\u0105 ir rodikli\u0173 pasirinkim\u0105 pa\u017eangos steb\u0117senai. Padedame \u012fmon\u0117ms tvarumo klausimus susieti su j\u0173 veiklos modeliu, verslo tikslais ir ilgalaik\u0117mis kryptimis, kad tvarumas [&hellip;]<\/p>\n","protected":false},"author":1,"featured_media":0,"parent":0,"menu_order":0,"comment_status":"closed","ping_status":"closed","template":"","meta":{"footnotes":""},"class_list":["post-43","page","type-page","status-publish","hentry"],"_links":{"self":[{"href":"https:\/\/zemyna.world\/index.php\/wp-json\/wp\/v2\/pages\/43","targetHints":{"allow":["GET"]}}],"collection":[{"href":"https:\/\/zemyna.world\/index.php\/wp-json\/wp\/v2\/pages"}],"about":[{"href":"https:\/\/zemyna.world\/index.php\/wp-json\/wp\/v2\/types\/page"}],"author":[{"embeddable":true,"href":"https:\/\/zemyna.world\/index.php\/wp-json\/wp\/v2\/users\/1"}],"replies":[{"embeddable":true,"href":"https:\/\/zemyna.world\/index.php\/wp-json\/wp\/v2\/comments?post=43"}],"version-history":[{"count":7,"href":"https:\/\/zemyna.world\/index.php\/wp-json\/wp\/v2\/pages\/43\/revisions"}],"predecessor-version":[{"id":154,"href":"https:\/\/zemyna.world\/index.php\/wp-json\/wp\/v2\/pages\/43\/revisions\/154"}],"wp:attachment":[{"href":"https:\/\/zemyna.world\/index.php\/wp-json\/wp\/v2\/media?parent=43"}],"curies":[{"name":"wp","href":"https:\/\/api.w.org\/{rel}","templated":true}]}}